ve of 0 + 1/24*w**i + 0*w**3 + 1/12*w**5 - 8*w**2 + 0*w. Determine v(1).
6
Let p = -71 + 76. Let v(i) = -i + 1. Calculate v(p).
-4
Let h = 193 + -180. Let f(v) = v - h*v**2 + 16*v**2 - 2*v**3 + v**3. Let p = 0 + 2. What is f(p)?
6
Suppose 4*p + 7 = 2*n + p, 3*n + 2*p = 43. Let g(c) = -6*c - 13 - c + n*c - 2*c. What is g(9)?
5
Let a(b) be the third derivative of b**7/1260 - b**5/20 + 3*b**2. Let z(i) be the third derivative of a(i). Let g = -50 - -46. Calculate z(g).
-16
Let i = -5 + 10. Let h(l) be the first derivative of 2*l**2 + 0*l - 1/3*l**3 - 17. What is h(i)?
-5
Let x(q) = -q**3 + 2*q**2 + 9*q + 2. Let i be (-196)/(-36) - (-5 - (-392)/72). What is x(i)?
-28
Let t(z) = 5*z + 6. Suppose 8*u + 66 = -6. What is t(u)?
-39
Let o(n) be the third derivative of 0*n + 0 + 1/24*n**4 + 15*n**2 + 2/3*n**3. Let i be 6 + 6/(-3) + 1. Determine o(i).
9
Suppose 3*g - 32 = -g. Let i be (4/(-6))/(2/(-6)). Let a(j) = -6*j - 5 - i - 4 + j**2 + 0*j**2. What is a(g)?
5
Let p(m) be the second derivative of m**5/20 + m**4/3 + m**3/2 + 3*m**2 - 17*m. Suppose 0 = 5*g - g - q + 18, -4*g + 5*q - 26 = 0. Determine p(g).
-6
Let r(k) = 7*k**3 + 10*k**2 + 15*k - 34. Let l(f) = 38*f**3 + 47*f**2 + 76*f - 169. Let c(d) = -2*l(d) + 11*r(d). What is c(-15)?
-6
Let f(a) be the first derivative of a**3/3 + 5*a**2/2 + 4*a - 260. What is f(-1)?
0
Let a(d) be the third derivative of -d**6/120 - d**4/24 + d**3/3 + 4*d**2. Let j(h) = -h**3 - 20*h**2 - 20*h - 19. Let g be j(-19). Determine a(g).
2
Let h(j) = j**2 - 2*j - 3. Suppose 7*a = r - 35, -2*a - 52*r = -47*r + 10. Give h(a).
32
Let o(x) = x + 2 - 166*x**3 + 165*x**3 - 1 + 7*x**2. Let n = -71 - -78. What is o(n)?
8
Let p(i) = i**2 + 8*i + 10. Let b = 1529 + -1535. Calculate p(b).
-2
Let g be ((-81)/(-6))/9*-18. Let z = g + 32. Let y(x) = -x**2 + 7*x - 4. Give y(z).
6
Let i(k) be the first derivative of k**2/2 + 6*k + 103. Calculate i(-7).
-1
Let n(r) = -r + 2. Let w be n(-3). Suppose -w*o = -2*c - 4, 6 = 2*o - 0*c - 3*c. Let j(y) be the second derivative of -y**4/12 + 5*y**2/2 + 3*y. Calculate j(o).
5
Let w be (32/24)/(4/(-30)). Let x(b) = -2*b + 1. Calculate x(w).
21
Let y(z) = z**3 - z**2 - z + 2. Let i(j) = j**2 + 3*j - 12. Let x be i(-5). What is y(x)?
-8
Let y(a) = a**3 - 6*a**2 - 6. Suppose -19 + 61 = 7*u. Let h be 6 + -4 + (u - 2). What is y(h)?
-6
Let d be 1386/(-1078)*(-14)/3. Let n(z) = 4*z - 19. Determine n(d).
5
Let g(o) = 0*o - 2*o + 0*o - 3*o + o**2. Suppose -4*j = -s + 13, -3*s + 14 = -2*j + 5. Let m(w) = -w + 1. Let p be m(j). Give g(p).
-4
Suppose 2*h + 53 = 3*b + 3*h, 36 = 2*b + h. Let s(g) = 3 + b*g - 18*g - 5 + 2*g**2 + 0*g**3 - g**3. Suppose 0*t - 1 = 4*r + 3*t, 5*t = 2*r - 19. What is s(r)?
-4
Suppose -4*n + 16 + 4 = 0, l - 5*n + 24 = 0. Let u be (1/2)/(l/4). Let x(f) = 0*f**2 + 7*f**3 - 2*f**2 - 6*f**3 - f. Calculate x(u).
-2
Suppose -403 = -35*l - 53. Let h(y) = y**2 - 11*y - 7. Calculate h(l).
-17
Let o(p) = p + 11. Suppose 0 = 4*u + 3*l + 15, u + u + 10 = -2*l. Give o(u).
11
Let j be (-2)/(-3) - 2/(-6). Let a(d) be the second derivative of -5*d**4/12 - 376*d. Give a(j).
-5
Let z(y) = 23 - 4*y + 35 - 88 + 4*y**2 + 25. Calculate z(-1).
3
Let i(a) be the third derivative of 0*a + 1/24*a**4 + 0*a**3 + 0 - 2*a**2 - 1/3*a**5. Give i(1).
-19
Suppose 4*j + j + 30 = 0. Let n(l) = 1 - 3 + l**2 + 6*l + 2 + 7. Give n(j).
7
Let g(t) = -t**3 - 6*t**2 + 7*t - 3. Suppose -119 = 4*p + 13*p. Calculate g(p).
-3
Let h(b) = -b**2 + 4*b - 1. Let n = -22 - -36. Let s(x) = -3*x + 3. Let q be s(-2). Suppose t - q = -j, -4*j - 3*t + 18 = -n. Determine h(j).
-6
Let g(k) be the third derivative of -k**4/12 + k**3 - k**2. Let q be (-116)/(-16) + (-2)/8. What is g(q)?
-8
Let a(s) = s**3 - s**2 + 21. Let b be a(0). Suppose -w + 4*w - b = 0. Let f(v) = -v + 1. Let y(j) = -j**2 + 2*j + 8. Let k(u) = 6*f(u) - y(u). What is k(w)?
-9
Let d be (19 + -13)/(1 + 1). Suppose -d*a + 4*a - 10 = 5*x, 3*x = 3*a - 6. Let p(q) = 2*q + 7*q**3 + a*q**3 + 5*q**2 - 6*q**3. Give p(-4).
8
Let a = 125 + -131. Let u(s) = -s**2 - 7*s - 7. What is u(a)?
-1
Let d(h) = h**2 - h + 8. Let i(s) = 7*s**2 + s. Let a be i(-1). Suppose -a*b + 8*b = 0. What is d(b)?
8
Let p be ((-24)/20 - 24/(-20)) + -1. Let o(u) = 17*u**2 + u. Calculate o(p).
16
Let k(f) be the third derivative of 3*f**6/40 - f**5/60 - f**4/24 + f**3/6 + 2*f**2 + 177*f. Calculate k(1).
8
Suppose -12*o - 17*o + 116 = 0. Let r(f) = -f**2 + 5. Give r(o).
-11
Let d(q) be the first derivative of -2*q**2 - 5*q - 871. Give d(-4).
11
Let i(y) = -58*y - 79. Let r(p) = -19*p - 28. Let m(q) = -6*i(q) + 17*r(q). Give m(-1).
-27
Suppose -7 + 5 = -2*d. Let k be d*7 - (-5 + 8). Let o(a) = 5*a + 4. Determine o(k).
24
Let l(v) be the third derivative of -v**6/120 + v**5/60 + v**3/6 - 3*v**2. Let q(y) = -2*y**3 + 5*y**2 + 2*y + 8. Let t(a) = -l(a) + q(a). What is t(5)?
-8
Let q(t) be the first derivative of -t**3/3 + 7*t**2 + 2*t - 43. Determine q(14).
2
Suppose -2*d + 5*d = 9. Let z(j) = j**3 + 3*j**2 + 7*j + 1. Let p(h) = h**3 + 3*h**2 + 8*h. Let y(a) = d*p(a) - 4*z(a). What is y(-3)?
8
Let g(i) = -5*i**3 - i**2 - 8*i - 4. Let v(u) = -u**3 - u**2 - u. Suppose -3*r - 2*r = -2*z + 23, r + 9 = -4*z. Let b(x) = z*g(x) + 6*v(x). Determine b(-5).
-6
Let u(p) be the third derivative of 1/24*p**4 + 10*p**2 + 4/3*p**3 + 0*p + 0. Give u(-4).
4
Let o(q) = -5*q**3 - q**2 + 15*q - 6. Let x(t) = -3*t**3 + 8*t - 3. Let k(b) = -4*o(b) + 7*x(b). Give k(2).
3
Suppose -4*a - l = -0*l - 90, -2*l = 4. Suppose 3*b - b = -2*d - 6, 5*b = -d - a. Let w(o) = 3*o - 3. Give w(d).
3
Let v(x) be the second derivative of x**5/20 + 5*x**4/12 - x**3/2 + 4*x**2 - 11*x + 12. Suppose -24 = -4*r + 2*r. Let a = r + -18. Give v(a).
-10
Let w(j) = j**2 - 3*j - 16. Let i be (-70 + 72)/(1 + (-3)/5). Calculate w(i).
-6
Let z(w) = -w**3 + 8*w**2 + 4*w - 6. Suppose -3693*n - 108 = -3705*n. Give z(n).
-51
Let i(w) be the second derivative of -w**4/4 + 15*w. Let j(k) = k**3 + k**2 - 2*k + 1. Let u be j(1). Give i(u).
-3
Let t be 8/16*(-18)/(-3). Let d(v) be the third derivative of 1/12*v**5 + 1/6*v**t + 0 + v**2 + 0*v + 1/24*v**4. Calculate d(-1).
5
Let m(a) = -a + 2. Let h be m(8). Suppose 3*i + 0*n - 26 = -n, i + 3*n = 22. Let z(f) = f**2 + 758 + i*f - 758. What is z(h)?
-6
Let g(x) = 237*x + 56*x**3 + 12*x**2 - 57*x**3 - 239*x + 22. Determine g(12).
-2
Let n(p) be the first derivative of 3/2*p**2 - p - 7. Calculate n(-3).
-10
Let h(d) = -9*d + 13. Let n(b) = -b. Let a(q) = -h(q) + 2*n(q). Let v be a(-6). Let g be ((-33)/v)/((-2)/(-20)). Let r(p) = p - 12. Give r(g).
-6
Let r(g) = -10*g**3 - 1. Let q = -67 - -68. Give r(q).
-11
Let u(z) = -z + 5. Let r = 176 - 188. Give u(r).
17
Let u(a) = -14*a - 263. Let j be u(-19). Let z(x) = x**3 - x**2 + x - 1. Let i(y) = 2*y**3 - y**2 + 7*y - 3. Let w(b) = i(b) - 3*z(b). Give w(j).
3
Let g(b) = -b**2 - 6*b + 7. Let v(u) = -4*u**2 - 23*u + 27. Let c be 21/35 + 6/(-20)*-28. Let a(o) = c*g(o) - 2*v(o). What is a(-8)?
9
Let l(n) be the first derivative of -6*n - 3/2*n**2 - 27. Give l(-4).
6
Let y(w) be the second derivative of -w**3/6 + w**2/2 - w. Let t(u) = u**3 - 19*u**2 + 18*u - 2. Let n be t(18). Let q be (0 - n/(-3))/(12/54). What is y(q)?
4
Let y(h) = h**3 + 6*h**2 + 1. Suppose 0 = 2*p + 6, 3*p - 77 = -2*d - 0*p. Suppose 5*k + d = -3*c, 0*c - 2*c - k = 17. Give y(c).
1
Let r(x) = x**2 - 11*x + 15. Let w = 8 - -3. Calculate r(w).
15
Suppose d + j + 4 = 6, -d + 2*j - 4 = 0. Let o(k) = -2*k - 25. What is o(d)?
-25
Let o(z) = -5*z - 2. Let q be (45/(-12) - -4)*-8. What is o(q)?
8
Let k = -2207 - -2234. Let n(l) = -l + 19. Give n(k).
-8
Let w(b) = b**3 + 39*b**2 - 36*b**2 + 6 + 5*b + 0. Calculate w(-3).
-9
Let f(c) = -5*c - 1. Let m(a) = -5*a - 2. Let g(x) = -2*f(x) + 3*m(x). Let p(i) = -6*i - 5. Let q(s) = 7*g(s) - 6*p(s). What is q(0)?
2
Suppose -3*y - 23 = -2*y + 4*q, 5*q = -25. Let d(i) = -i**2 - 5*i - 4. Calculate d(y).
2
Let d(v) = 2*v**2 - 10*v - 7. Let m be ((-8)/(-10))/((-148)/(-1110)). Calculate d(m).
5
Let s(v) = -8 - 2*v**2 - 6*v**2 + 8*v**2 + v**3. Calculate s(0).
-8
Suppose -3*q = -0 - 6. Let z(o) = 3*o + q - 8*o - 1 - o**2 - 5. Let y = 10 - 15. Give z(y).
-4
Suppose -233*j = -231*j - 22. Let c(v) = v**2 - 11*v - 10. Determine c(j).
-10
Let v(c) be the second derivative of 0*c**2 + 1/4*c**4 - 1/15*c**5